 the remainder when 76/(-3)*(-6)/4 is divided by v?
12
Let i = -16319 + 16387. What is the remainder when i is divided by (-5)/(-1) + 8/4?
5
Suppose 3259 = 4*d + 4*h - 32057, -d = -2*h - 8835. What is the remainder when d is divided by 32?
31
Suppose -461 = 3*c - 392. Calculate the remainder when 109 is divided by 41 + c - (-2 - -1).
14
Let f(u) = -2*u**2 - 98*u + 1399. Calculate the remainder when 7739 is divided by f(-60).
76
Calculate the remainder when 11977 is divided by 47/((-3102)/110)*3*-4.
17
Suppose -4*f + 12 = i - 45, 3*i = 3. Let o = 72 + -32. Calculate the remainder when o is divided by f.
12
Suppose -6 = 3*i, 674 - 672 = q + 5*i. Calculate the remainder when 7268 is divided by q.
8
Let s be (365/25 - 15)/((-2)/(-20)). Calculate the remainder when (s - (-40)/(-6))*(-9)/6 is divided by (13 + -1)*(-2)/(-4).
4
Suppose 7*j + 10 = 2*j - 5*y, 4*y = -8. Suppose 4*b + j*b - 440 = -f, 4*b + 3*f = 448. Let t(z) = 2*z**2 - z. What is the remainder when b is divided by t(4)?
25
Let j(i) = 28*i - 196. Let s be j(7). Calculate the remainder when (s - (2 + 1))*(24 + -91) is divided by 12.
9
Suppose 2*l - 23 = -2*p + 23, l = p + 27. Let s = l + -20. Suppose -3*v = -5*v + 2. Calculate the remainder when s is divided by v.
0
Let h(o) = o**2 + 13*o + 53. Let u be h(-9). Suppose -19*r + u*r = -270. What is the remainder when r is divided by 23?
20
Let w = 11 - 7. Suppose w*p - 12 = -0. Suppose 0 = -4*j + p*j + 13. Calculate the remainder when 36 is divided by j.
10
Suppose 0 = -5*n - 5*a + 675, -n + 299*a = 303*a - 123. What is the remainder when 260 is divided by n?
121
Let i(w) = w**2 + 2*w. Let l be i(0). Suppose l*o + 8 = -2*z - o, -5*z - 3*o - 20 = 0. Let n(m) = -7*m - 9. What is the remainder when 70 is divided by n(z)?
13
Let g(d) = -d**3 + 81*d**2 - 2*d + 212. What is the remainder when g(81) is divided by 36?
14
Suppose 1241 = -13*n + 11745. Let a = -784 + n. What is the remainder when 1078 is divided by a?
22
Let t(a) = -2*a**3 - 5*a**2 - 4*a + 2. Let s be t(-4). Suppose -4*j - 2046 = -5*w, -348 = -w + 2*j + s. Calculate the remainder when w is divided by 37.
36
Let x = -73 - -26. Let y = 50 + x. Suppose -2*t - 76 = -2*a, -5*t + 23 = a - y*t. What is the remainder when a is divided by 18?
15
Let z be 1 + 6/(-9)*(-75)/(-10). Suppose -5*r + 78 = 3*k - 25, 0 = 3*r + 3*k - 63. Calculate the remainder when ((-5728)/4)/z*(-1)/(-2) is divided by r.
19
Let a be -5 + (-356 - 3 - -6). Let y = -62 - a. What is the remainder when y is divided by 13?
10
Suppose 2*x - 11 = 2*c - 49, 5*c - x = 95. Let q = -8884 - -9032. Calculate the remainder when q is divided by c.
15
Suppose 298*s + 1370 = 3754. Calculate the remainder when 806 is divided by s.
6
Suppose 11*f - 147 = 73. Suppose 15*l = f*l. Suppose -4*q - 2*g + 54 = l, 0 = 4*q + g - 2*g - 69. What is the remainder when 60 is divided by q?
12
Let o be -83 + 3/(-18)*-3*8. Let r = o - -106. Suppose 0 = 2*y + 5*b - 10, y + b = 3 + 2. What is the remainder when r is divided by y?
2
Suppose -5*k + 2*k = 3, -5*q + 2*k + 612 = 0. Let p = -102 + q. What is the remainder when 219 is divided by p?
19
Suppose -49 = -4*n - 3*x, -74*x + 4 = -78*x. What is the remainder when 82 is divided by n?
4
Suppose -5*z + 13*z = -16*z + 2688. What is the remainder when 7156 is divided by z?
100
What is the remainder when 253 is divided by 864/(-2 + -2)*(14 - (-464)/(-32))?
37
Let a(c) = -c**3 - 12*c**2 - 6*c - 27. Let s be a(-12). Let m = 64 - s. What is the remainder when 168 is divided by m?
16
Let a = 389 - 387. Suppose -p = 2*l - 112, 0*l + a*l - 4*p - 92 = 0. What is the remainder when 266 is divided by l?
50
Let l be (20/16)/5 + (-7176)/32. Let h = 237 - l. What is the remainder when h is divided by 22?
21
Let t(j) = -j**3 - 77*j**2 + 192*j - 32. What is the remainder when t(-80) is divided by 1267?
7
Suppose -5*o + 8*t = 6*t - 23, -2*o + 22 = -4*t. Suppose -5*s - 64 = -2*x, 144 = 4*x - o*s + s. Calculate the remainder when x is divided by 4.
1
Let b(d) = 48*d - 644. Let f = 16 + 47. Suppose -f = -2*w + 99. What is the remainder when w is divided by b(14)?
25
Let j be 15*8/40 - -238. Let d = 260 - j. What is the remainder when 49 is divided by d?
11
Suppose 975 - 548 = 29*b - 849. What is the remainder when 1964 is divided by b?
28
Let l = 29 + -13. Suppose -3*d - 24 = -5*c, 2*d = 2*c + 4*d - l. Suppose 4*t - c*t = -18. Calculate the remainder when 14 is divided by t.
5
Let z(u) = 3*u - 25. Let s be z(10). Suppose s*b + 62 = -78. Let w = b - -47. What is the remainder when 56 is divided by w?
18
Suppose -3667 = -10*z + 6323. What is the remainder when z is divided by 248?
7
Let r(c) = c**3 - 5*c**2 - 347*c + 240. Let h = 2 - -50. Let f = -35 + h. What is the remainder when f is divided by r(21)?
8
Let v(j) = 16*j**2 - 4*j. Let c be v(3). Let k(x) = 22*x + 18. Let l be k(6). Let m = l - c. What is the remainder when 161 is divided by m?
17
Suppose 32 = -7*x + 11*x. What is the remainder when (-3)/x - (-43935)/232 is divided by 10?
9
Let c(l) = -l - 6. Suppose -9 - 7 = j. What is the remainder when (-4635)/(-81) + 4/(-18) is divided by c(j)?
7
Suppose 3*b - 35 = -5*i + 51, 3*i + 5*b = 42. Calculate the remainder when ((-142)/(-2) - 3) + (-72)/12 is divided by i.
5
Suppose 5*k + 683 = 183. Let w be ((-2025)/k)/(2/(-8)). What is the remainder when 26 is divided by w/(-54) + (-34)/(-4) + 0?
6
Suppose 3*g - 5*x = 35, -18370 = 5*g + 3*x - 18417. Suppose 2*h = 6 - 0. What is the remainder when g is divided by h?
1
Suppose 4*v - f = 360, 5*f + 211 = 5*v - 224. Suppose 5*z = -11 + v. What is the remainder when 76 is divided by z?
12
Suppose 7*j = j + 24. Suppose -j*l + 5*c + 134 = 0, -l + 5*c + 2 = -39. Calculate the remainder when 87 is divided by l.
25
Let b(n) = -1 - 26*n + 12*n - 3 + 10*n. Let j be b(-2). Let t = 12 - j. Calculate the remainder when t is divided by 4.
0
Suppose 16*s + 14*s = 5460. Calculate the remainder when s is divided by 91.
0
Suppose -2345*m + 2608*m = 260896. Calculate the remainder when m is divided by 127.
103
Let j be 18/8 - (-2)/(-8). What is the remainder when 8 + 6 + (5 - 7) is divided by j/9 - 440/(-45)?
2
Let n(q) = 4*q**2 - 258*q - 212. Calculate the remainder when n(78) is divided by 69.
67
Suppose 2*l - 92 = 4*b, 5*l + 2*b - 230 = 7*b. Let t be (-6)/(-8)*-8 + (-4)/1. What is the remainder when l is divided by (43 + -46)/(t/4 - -2)?
4
Let k(o) = 70*o + 940. What is the remainder when k(-9) is divided by 65?
50
Let p(s) = 2*s**3 + 19*s**2 + 6*s - 19. Let y = -18 + 20. What is the remainder when y/9 - 1764/(-81) is divided by p(-9)?
6
Let y(a) = -2*a**3 - 60*a**2 - 18*a - 534. Let m = 6 - 22. What is the remainder when -51*(m/6 - -2) is divided by y(-30)?
4
Let c(g) = 2*g**2 - 218*g + 5286. Calculate the remainder when c(80) is divided by 164.
154
Let s(c) = -c**3 + 11*c**2 + 18*c + 7. Let y be s(8). Suppose y = 12*b - 125. What is the remainder when 116 is divided by b?
38
Suppose 2*w - 38 = -0*w. Suppose -613*l - 11819 + 85965 = -351*l. Calculate the remainder when l is divided by w.
17
Let t(g) = 95*g + 1233. What is the remainder when 529 is divided by t(-11)?
153
Let f(v) = -3*v**3 + 3*v**2 + 8*v - 10. Let u(b) = 4*b**3 - 2*b**2 - 7*b + 12. Let g(q) = 3*f(q) + 2*u(q). What is the remainder when 88 is divided by g(6)?
16
Suppose 34 = 2*t - 2. Let w be ((-1 - -1) + 1)/((-1)/(-20)). What is the remainder when (192/w)/(15/50) is divided by t?
14
Suppose 3702*n - 3714*n = -492. What is the remainder when 50 is divided by n?
9
Let l = 7317 + -7262. Calculate the remainder when 180 is divided by l.
15
Let q(d) = -d**3 + 13*d**2 + 17*d - 2. Suppose 5*k + 3*z - 64 = 0, -4*k - 4*z - 78 = -9*k. What is the remainder when q(k) is divided by 14?
12
Let q(k) be the second derivative of k**3/6 + 5*k**2 - 18*k. Let j be q(-6). Suppose -j*h + 20 = -56. Calculate the remainder when h is divided by 10.
9
Let d(v) = -41*v - 205. Suppose 2*o + 5 = -3*s, o - 2*s = -4*o + 16. Suppose 3*n = 0, -71 = -4*z + o*n + 97. What is the remainder when d(-9) is divided by z?
38
Suppose -66 = -2*a - 4*v, -6*a - 2*v + 120 = -2*a. Suppose -15098 = -343*q - 2750. What is the remainder when q is divided by a?
7
What is the remainder when 9415 is divided by ((-188)/(-90) - (-8)/72)*10/1?
21
Let n(r) = -336*r + 2844. Calculate 